22. Let v = -6 - l. Let n be 1*11*(0 - -1). Calculate the highest common divisor of n and v.
1
Let b be (6 - -32) + -7 + 3. What is the highest common factor of 272 and b?
34
Suppose 0 = 5*f - 2*f - 21. Let z = -1 + f. Suppose -o = -z*o + 55. Calculate the greatest common divisor of 88 and o.
11
Let d(o) = o**3 - 4*o**2 - 5*o + 5. Let y be d(5). Suppose y*s = 2*s + 6. What is the greatest common divisor of 6 and s?
2
Suppose -3*s + 8*b + 972 = 5*b, b - 639 = -2*s. Let n = s - 87. Calculate the greatest common factor of 26 and n.
26
Suppose 0 = -0*u + 2*u - 2. Let k be u/(-5) - (-11)/5. Suppose -k*x + l = -76, 3*l = 7 - 1. Calculate the highest common factor of 13 and x.
13
Let i(s) = 8*s**2 - 3*s - 9. Let r be i(-3). What is the highest common divisor of r and 18?
18
Let w be 2 + -6 + 2 + 20. What is the highest common factor of 9 and w?
9
Let a be 155/(-10)*(-2 + 0). What is the highest common factor of a and 31?
31
Let k be 2/(-8) - 9/(-4). Let r be k - (-5 + (-1)/1). What is the greatest common factor of 72 and r?
8
Let w = 1 + 13. Let d(x) = -x**3 - 7*x**2 - 4*x. Let m be d(-7). Calculate the highest common factor of m and w.
14
Let k be (-144 + 1)/((-4)/((-24)/(-6))). What is the greatest common factor of k and 13?
13
Let k(f) = -2*f**3 - 10*f**2 + 11*f. Let a be k(-8). Suppose 5*n = a - 56. What is the highest common divisor of n and 6?
6
Suppose 0*o + 3*o = w + 243, w = 0. What is the greatest common divisor of o and 9?
9
Let q = 3 - 0. Let k(u) = -u + 3 + 3*u**3 - 4*u**2 - u**q + 0*u**3 + 3*u**3. Let t be k(3). Calculate the greatest common divisor of 9 and t.
9
Let g(w) = w**2 - 10*w + 20. Let l be g(8). Calculate the highest common factor of 3 and l.
1
Let q = 86 - 58. Calculate the highest common divisor of q and 7.
7
Let g be 162/24 - (-4)/16. Calculate the greatest common divisor of g and 7.
7
Suppose -d + 2 = -6. Suppose -2*x + d + 26 = 0. What is the greatest common divisor of 68 and x?
17
Suppose -2*v - 2 = -v, -2*i - 2*v = 46. Let w = i - -9. Let d be ((-36)/(-8))/((-2)/w). Calculate the greatest common divisor of 9 and d.
9
Let v(m) = -3*m - 5. Let l(t) = -6*t - 11. Let h(k) = 6*l(k) - 11*v(k). Let r be h(-12). Calculate the highest common factor of 5 and r.
5
Let x(p) = p**2 - 12*p + 14. Let h be x(13). Suppose 7*y + 3*u = 3*y + 47, 2*y + 5*u = h. What is the highest common divisor of 1 and y?
1
Let l = -17 + 26. What is the greatest common factor of 9 and l?
9
Let h be 9/(37/(-20) + 2). Suppose -q + 65 = 4*o, 0 = 4*o + 2*q - 13 - 57. Calculate the greatest common divisor of h and o.
15
Let j be (1 - 2) + -15 - -2. Let c(q) = q**3 - 6*q**2 - 3*q. Let k be c(7). Let p = j + k. What is the greatest common factor of p and 14?
14
Let k be 10/14 - (-4)/14. Let v = 1 + 2. What is the greatest common divisor of v and k?
1
Let j = -4 + 2. Let t(s) = 7*s**2 + 4*s + 3. Let h be t(j). Suppose -2*k = -k - h. Calculate the highest common divisor of 161 and k.
23
Suppose 0 = b - 5*a - 2, 5*b + 5*a - 10 = -0*a. Suppose 0 = 2*z + b*z - 120. What is the highest common factor of z and 6?
6
Let g(s) = 14*s - 54. Let c be g(5). Let j = -11 - -19. What is the greatest common divisor of c and j?
8
Let d be 1*228/(-18)*3/(-2). Calculate the highest common divisor of 95 and d.
19
Let s = 76 + -72. What is the greatest common divisor of 28 and s?
4
Suppose -50 + 1 = -7*z. Let y = -17 - -56. Let i = y - -24. Calculate the highest common factor of z and i.
7
Suppose 136 = 2*k - 152. What is the greatest common divisor of 16 and k?
16
Let o = 56 + -23. Suppose -2*j + 27 = -5*g, 2*j + o = 6*j - 3*g. Let r be -1 - 88/(-2) - 1. Calculate the greatest common factor of r and j.
6
Let t be (-1 - -3) + (4 - 4). Suppose 0 = -t*d + 3*d - 20. Calculate the highest common divisor of d and 40.
20
Let o = 19 - 7. Suppose -11*m + 12 = -8*m. What is the greatest common factor of m and o?
4
Let n be (-168)/(-32) - (-2)/(-8). Calculate the highest common factor of 3 and n.
1
Let i be 39/(-26)*8/(-18)*72. What is the greatest common factor of 288 and i?
48
Let r = -216 + 328. Suppose 0 = 3*u - 15, p - 8 = -3*u + 7*u. What is the highest common factor of p and r?
28
Let n be (0 - -1)/(5/(-75)). Suppose -14 = -m - 2. Let o be (m/n)/((-6)/105). What is the highest common factor of 21 and o?
7
Let x be ((-6)/27)/1 + (-3388)/(-99). Calculate the greatest common divisor of 85 and x.
17
Suppose -3*o - 2*j = -1, -5 = -2*o - 2*o + j. Calculate the greatest common factor of o and 7.
1
Let p be (4/12)/((-1)/(-24)). Suppose a = -0*a + 32. What is the highest common factor of p and a?
8
Suppose 126 = -5*c + 2*u, 111 = -3*c + 3*u + 30. Let v = 34 + c. Calculate the highest common divisor of 80 and v.
10
Suppose 4*n + 56 = 3*j, 0*n + 99 = 5*j - n. Suppose -f = -1 + 10. Let m be (-10)/45 + (-92)/f. Calculate the highest common divisor of j and m.
10
Suppose 2*o + 12 - 22 = 0. Suppose -19 - o = -4*z. Let i = 42 + -24. Calculate the greatest common factor of i and z.
6
Suppose 0 = -l + 10. What is the highest common factor of 4 and l?
2
Suppose -4*w = -h + 15, -2*w = -6 - 4. Suppose -2*q = -5*u + h, -q + 14 = 2*u + 2*q. Calculate the greatest common factor of 1 and u.
1
Let l = 45 + -27. Suppose 42*a = 46*a - 36. Calculate the highest common factor of l and a.
9
Suppose 0 = -4*t - 67 + 99. Let k(o) = o**3 - 7*o**2 + 6*o + 8. Let u be k(6). What is the highest common factor of t and u?
8
Suppose -5*p = -p - 12. Suppose 0 = 4*v - 4, p*l - 34 = v - 11. What is the highest common divisor of l and 48?
8
Let w = 28 + -48. Let b be w/(-8)*16 - 1. Calculate the highest common divisor of b and 13.
13
Suppose 5 = 4*b - 11. Suppose -42 = -b*l + 6. What is the greatest common divisor of l and 84?
12
Let y be 3*1/2*14. Let a be 1686/y - 4/14. What is the greatest common factor of a and 10?
10
Suppose 6*h - 80 = 5*h. What is the highest common divisor of 10 and h?
10
Let c be (63/36)/(1/20). What is the highest common factor of 5 and c?
5
Suppose 6*g = 5*g - 56. Let v = -31 - g. Let m(z) = 11*z - 1. Let n be m(1). Calculate the highest common factor of n and v.
5
Let j = 74 - 71. What is the greatest common factor of 39 and j?
3
Suppose 5*t = 34 + 1. Calculate the highest common divisor of t and 14.
7
Let t(k) = k**2 - 5*k - 5. Let a be t(6). Let h = 9 + -2. Let r be h*((-201)/(-21) - a). What is the greatest common divisor of r and 12?
12
Let k(q) = q**2 + 8*q. Let h be k(-8). Let n = 2 + h. Suppose n*x + 21 = 3*l, l + x = -4*x - 10. Calculate the greatest common factor of 5 and l.
5
Suppose 6*r = 3*r. Suppose 2*i + r*i = p - 42, p - 48 = -i. Calculate the greatest common divisor of 69 and p.
23
Let p(x) = x**3 - 7*x**2 + 8*x - 9. Let a be p(6). Let o be 3 + -3 - a - -14. What is the greatest common factor of o and 22?
11
Let l(p) = -p**2 - 6*p - 1. Let u be l(-3). Suppose -4*g + 0*g + 16 = 0. Calculate the highest common divisor of u and g.
4
Let q(d) = 7*d - 1. Let p be q(3). Let a = 33 - p. Let t = a + 42. What is the greatest common factor of t and 11?
11
Let m be 2/6*(-42)/(-2). Suppose 0 = -2*j + 2*c + 8, -c - 14 = -2*j - 2*c. Let f = -5 + j. Calculate the highest common factor of f and m.
1
Suppose 22 = u - 5*h, 0 = 3*u - 0*u + 3*h - 120. What is the greatest common divisor of 407 and u?
37
Let i(p) = -4*p + 2. Let w be i(3). Let k be w/(2/(-24)*2). Calculate the greatest common factor of k and 12.
12
Suppose -3*i + 4*i - 45 = 0. Let p = 67 - i. Calculate the greatest common factor of p and 55.
11
Let m(v) = -v**2 + 3*v - 6*v**2 + v**2 + 7 + v**3. Let u be m(5). Let t be (-6)/27*u*27. Calculate the highest common factor of 126 and t.
18
Let t be ((-66)/1)/(9/(-30)). Let h = 41 + -21. Calculate the highest common divisor of h and t.
20
Let b be (3 + -5)*(-28)/(-4). Let w = b - -46. What is the highest common factor of w and 48?
16
Suppose -t - 23 = -y + 3*t, -y + 3*t = -19. Let h(f) = f**3 + 6*f**2 + 6*f + 6. Let v be h(-4). Calculate the highest common divisor of y and v.
7
Let o(q) = 11*q + 10. Let y = 20 - 12. Let k be o(y). What is the highest common factor of 14 and k?
14
Let r be 6/(3 - 9/6). Suppose -r*f = -0*f + h - 21, 2*f - 24 = 4*h. Calculate the highest common divisor of 18 and f.
6
Let x = -18 + 53. Suppose -l + 2*s = -11, l + 0*l + 2*s + 1 = 0. What is the highest common divi